1
Let g(x) = 10*x**2 - 18*x - 716. What are the prime factors of g(-23)?
2, 29, 43
Let p(u) = -2*u**2 - 9*u + 115. Let o(a) = -a**2 - 4*a + 58. Let m(g) = 5*o(g) - 3*p(g). List the prime factors of m(-23).
313
Let g(c) = -7264*c + 1083. List the prime factors of g(-3).
3, 5, 61
Let b(z) = 8*z**2 - 16*z - 74. Let g be b(-12). Let y = g + -810. What are the prime factors of y?
2, 5, 23
Let p = 3 + -3. Let u = -1359 + 1363. Suppose -u*j + 2*a + 426 = p, a + 161 = 5*j - 364. List the prime factors of j.
2, 13
Let t(c) = 1019*c - 197. What are the prime factors of t(4)?
3, 431
Let a(c) = 4*c - 7. Let x be a(3). Let q(f) = -6*f + 44. Let i be q(3). Suppose 2*t = -4*d + 402 + i, -x*t = -20. What are the prime factors of d?
3, 5, 7
Let l = 24352 + -4421. What are the prime factors of l?
19, 1049
List the prime factors of 5/2*6*326889/405.
12107
Suppose -6 = 2*b, 0 = 3*y - 11*b + 13*b + 63. Let f(p) = -2*p**2 - 49*p + 2. What are the prime factors of f(y)?
211
Suppose 5*o - 14*z - 14601 - 16091 = 0, 0 = 2*o + 5*z - 12245. What are the prime factors of o?
2, 5, 613
Suppose -730 = 2*c - 2380. List the prime factors of (12/(-30))/((-1)/c).
2, 3, 5, 11
Suppose -3*b + 21*y - 18*y + 9087 = 0, b + 5*y - 2981 = 0. List the prime factors of b.
3, 19, 53
Let u be (-1)/7 - -383*(-12)/(-28). Suppose 6 = 3*o, 0*o + 2*o = 4*s + u. Let n = 76 + s. List the prime factors of n.
2, 3
Let h be 4 - (-7)/14*-2. List the prime factors of ((0 - h) + -64)/(-5 + 4).
67
Suppose 23*o - 24 + 24 = 0. Let r = 2 - -1. Suppose 33 = i + 3*f - 7*f, -r*i + f + 88 = o. What are the prime factors of i?
29
Suppose -69098 = -30*g + 99588 + 176524. What are the prime factors of g?
37, 311
Let b(g) = 2*g**2 + 6*g - 6. Let c be (-8 - -2) + -1 + 1. What are the prime factors of b(c)?
2, 3, 5
Let i(s) = -2898*s**3 - 7*s**2 - 15*s - 24. Let x(o) = -1449*o**3 - 3*o**2 - 7*o - 11. Let a(m) = 6*i(m) - 13*x(m). What are the prime factors of a(1)?
2, 3, 241
Let l(v) = -29*v**2 + 8*v - 21. Let b be l(8). Let k = b - -3301. List the prime factors of k.
2, 3, 31
List the prime factors of ((-6)/10 - 123172/(-70))/(1/46).
2, 23, 1759
Suppose -12*r + 4*n = -11*r - 3709, -4*r + 14902 = -5*n. List the prime factors of r.
3733
Suppose 105*g - 126279 = 78*g. Suppose -15*h + g + 303 = 0. What are the prime factors of h?
2, 83
Let c = 52 - -59. Let m = -107 + c. Suppose -376 = -m*d + 156. List the prime factors of d.
7, 19
Let u(i) = i**2 + 18*i - 30. Let h be u(-21). Let f = -32 + h. List the prime factors of -2 - f - -12 - 2.
7
Suppose 5*i - 4*q = 286, 0 = -6*i + 4*i - q + 104. Let f = -55 + i. What are the prime factors of (-93)/(-9) - -3 - f/(-3)?
13
Let p(s) = -15*s**3 - s**2 - 67*s + 107. What are the prime factors of p(-11)?
2, 3, 431
Let i(j) = -1601*j + 714. What are the prime factors of i(-22)?
2, 1123
Let m(o) = -o**2 + 6*o + 96. Suppose 3*g = 3*z - 24, 13 + 16 = 4*z - 5*g. Suppose -7*t = -z*t. List the prime factors of m(t).
2, 3
Suppose 646*u + 20333 + 7873 = 652*u. What are the prime factors of u?
3, 1567
Let x be 0/2*1 - 2*1. Let v(n) = -75*n**3 + 3*n**2 - 3*n - 4. List the prime factors of v(x).
2, 307
Suppose 390 = -2*v + 2*b - 52, 3*b + 15 = 0. Let s = v + 905. What are the prime factors of s?
7, 97
Suppose 5*g + v - 20 = -1, 0 = -g - v + 7. Let s be 4 - 0 - (g + 1). Suppose 4*y - 2*n - 424 = -s*n, -3*y + 2*n + 320 = 0. List the prime factors of y.
2, 13
Let x(j) = 131*j + 24. Let k be x(5). Suppose 0 = 5*q - 211 - k. What are the prime factors of q?
2, 89
What are the prime factors of 751*6 - 1 - (13 + -16 + 4)?
2, 563
Let i(u) = u + 14. Let w be i(-20). Let h be (w/(-5))/(12/30). Suppose -15 = 3*x, -5*c + 5*x + 275 = h*x. What are the prime factors of c?
53
Let x = 25 - 22. Suppose -x*c = -u + 11, -c = -2*u - 2 - 1. What are the prime factors of (u - (-3)/6)*-2?
7
Let t(r) = 5*r**2 - 5*r - 2. Let o = 35 + -16. Suppose -o*u + 15*u = -20. List the prime factors of t(u).
2, 7
Let k be 3938/2 + 6 + -11. Suppose k - 136 = 4*y. List the prime factors of y.
457
Let z(i) = -3*i**2 + 19*i - 14. Let q be z(6). Let h be (-15)/(-60) + (-110)/q. Let n(l) = l**3 - 13*l**2 - 13*l - 11. What are the prime factors of n(h)?
3
Let m(q) = 2*q + 14. Let d be m(13). Suppose -w + 96 = -d. What are the prime factors of w?
2, 17
Suppose 0*m + m = 3. List the prime factors of (-1)/m*(-3581 + 2).
1193
Suppose 2*z + 8*h - 4*h = -8, -4*h = -2*z + 24. Suppose -5*w + 987 = z*b, 2*w - 3*b = -0*b + 404. What are the prime factors of w?
199
Let i(c) = c**3 + 8*c**2 - 10*c + 3. Suppose -f + 8 = 12. Let t be (f/(-6))/(36/(-486)). List the prime factors of i(t).
2, 3
Let g = -393 + 415. Suppose -g*q + 51*q = 46690. What are the prime factors of q?
2, 5, 7, 23
Let t = -105 + 120. Suppose 22*d - 8253 = t*d. What are the prime factors of d?
3, 131
Let l = 798 + -814. What are the prime factors of (18 + l)/(5934/(-1484) - -4)?
2, 7, 53
Suppose -3118661 = -145*w - 152272 + 197221. What are the prime factors of w?
2, 10909
Suppose -3*a - 175 = c + 3*c, -2*a + 150 = -4*c. List the prime factors of 16/c*10 - -378.
2, 11, 17
Let r be (-22)/(-6) - -6*(-55)/198. List the prime factors of r + 873 + (3 - 0).
2, 439
Let k(f) = 1726*f + 177. List the prime factors of k(10).
7, 47, 53
Let z be (-1*4)/(2/(-1)). Suppose 7 = c - 0*c + 4*j, 17 = 5*c + z*j. Suppose 3*x + c*y - 141 = 0, 0 = 2*x + y - 4*y - 74. What are the prime factors of x?
43
Let m = -25941 + 55695. What are the prime factors of m?
2, 3, 19, 29
Suppose -2*o + 3122 = -2*f, -f + 3087 = -3*f - 5*o. Let h = -556 - f. List the prime factors of h.
2, 5
Let j(l) be the second derivative of 85*l**4/12 + 13*l**3/6 + 14*l**2 - l - 3. List the prime factors of j(-3).
2, 13, 29
Let z(a) = a**3 + 4*a**2 + 3*a - 2. Let o = -58 - -55. Let d be z(o). What are the prime factors of (d - (-5048)/36) + (-6)/27?
2, 3, 23
Suppose -179 = -36*t + 38*t - 2727. List the prime factors of t.
2, 7, 13
Suppose -2*v + 5*x + 5490 = 0, -3*v + 6*x + 8257 = 4*x. Suppose v = 16*a - 637. What are the prime factors of a?
2, 53
Suppose 4*v = -0*v - 144. Let s(q) = -q**2 - 19*q - 43. Let x be s(-10). Let a = x + v. What are the prime factors of a?
11
What are the prime factors of ((-9 - 5) + 11)*189830/(-15)?
2, 41, 463
Let h be 2738/(-1) + -14 + 9. List the prime factors of 12/54 - h/9.
5, 61
Suppose -3*w + 130 = -1352. Suppose -3*x + w = 5*s, 493 - 95 = 4*s + x. What are the prime factors of s?
2, 5
Suppose 3*y - 5*y = -30. Suppose -8 - 2 = -2*a, 0 = 3*j - 4*a + 50. Let s = y + j. List the prime factors of s.
5
Let v(p) = p**3 + 13*p**2 - p + 15. Let y be v(-13). Suppose 2*c + 3*w = -98, -118 - y = 3*c + 5*w. Let z = 65 + c. List the prime factors of z.
13
Suppose -u - 5*i - 2 + 23 = 0, 0 = -2*u + 4*i. Suppose -1988 + 8858 = u*t. Suppose 5*f - t = 3*y, 2*f + f = -2*y + 668. List the prime factors of f.
2, 113
Suppose 200 = -44*u + 19*u. What are the prime factors of -12*((-142)/u)/(-1)?
3, 71
Let v(k) = 58*k + 642. Let u be v(-11). Let r = 168 + -100. Suppose 0 = 3*o - 6*o - 4*l + 48, r = 4*o + u*l. List the prime factors of o.
2, 5
Let j be 4/18 + (-5)/((-135)/6069). Suppose 3*b = -n - 2*b - j, 2*b = n + 253. Let d = n + 404. List the prime factors of d.
3, 53
Let s(p) = 114*p**3 - p**2 - 2*p - 1. Let u(m) = 3*m**2 - 25*m + 10. Let g be u(8). Let f be s(g). What are the prime factors of (2/(-2))/((-7)/f)?
3, 43
Suppose q = -2*r + 46, -5*r = -2*q + 94 + 16. Suppose -39*n + q*n = 3795. What are the prime factors of n?
3, 5, 23
Suppose 12*s - 20 = 7*s. Suppose m = -8*h + 13*h - 1609, -326 = -h - s*m. List the prime factors of h.
2, 7, 23
Suppose -5*x = 4*v - 20, -12 = -3*x + 2*v + 2*v. Suppose -x*y + y + 20 = -4*s, 4*s = -20. Suppose h + h - 86 = y. List the prime factors of h.
43
Suppose 2*u + 174 = 4*u - 3*r, -4*u + 2*r = -340. Let y = 170 - u. Suppose 0 = 5*o - 94 - y. List the prime factors of o.
2, 3
Let n be (126/(-28))/(6/(-472)). Suppose 0 = 3*w - 12*w + 27. Suppose 3*s - n = -w*s. What are the prime factors of s?
59
Suppose 5*h + 18618 = 3*a, 16*a + 24816 = 20*a - 4*h. What are the prime factors of a?
3, 13, 53
List the prime factors of 229/1*1*(55 + 18).
73, 229
Suppose -2*x + 869 = 5*l, -4*l - 2*x + 715 = -7*x. Suppose -5*a = h - 0*h - 155, -5*a = 5*h - l. What are the prime factors of 4/10 + 2928/a?
2, 7